, what is 255 + -52?
203
In base 7, what is 353 - -1301?
1654
In base 4, what is -20 + 102321?
102301
In base 9, what is -5357713 - 5?
-5357718
In base 14, what is 38 - -3275?
32ad
In base 9, what is -1 + 3430?
3428
In base 5, what is 3343 + 213?
4111
In base 9, what is 7 - 22627?
-22620
In base 12, what is 67b7 - 65?
6752
In base 2, what is 11111 - -1001?
101000
In base 10, what is 101236 + -18?
101218
In base 15, what is -41446 - -4?
-41442
In base 8, what is -10 + 30042?
30032
In base 3, what is -11222201122 - 10?
-11222201202
In base 13, what is 4 - 66654?
-66650
In base 16, what is 1dd - -4b?
228
In base 13, what is 2 + 10b936?
10b938
In base 16, what is -7b4 - 15?
-7c9
In base 15, what is 26a3 - -9?
26ac
In base 11, what is -5 - 6501?
-6506
In base 9, what is 8575170 - 0?
8575170
In base 14, what is -800d7 - 0?
-800d7
In base 13, what is -912 - 0?
-912
In base 16, what is 0 + 3119?
3119
In base 9, what is -4 + -1142?
-1146
In base 14, what is -16 - -4a254?
4a23c
In base 12, what is 0 - 413?
-413
In base 15, what is -2 + -aeb8?
-aeba
In base 5, what is -10 - -410320?
410310
In base 11, what is 94254 - 4?
94250
In base 4, what is 112003313021 - -3?
112003313030
In base 12, what is -12 + 8108?
80b6
In base 11, what is 707 + 8?
714
In base 16, what is -1300 - -138?
-11c8
In base 11, what is -233841 - 8?
-233849
In base 13, what is 1 - b334?
-b333
In base 14, what is 2324b + 2?
2324d
In base 4, what is 23 - 333033?
-333010
In base 3, what is -101122 - 2010?
-110202
In base 15, what is 396 - -85?
42b
In base 13, what is 89 + 281?
33a
In base 3, what is 0 + 11110210102?
11110210102
In base 4, what is -110 + 333322?
333212
In base 4, what is -22111021 + -2?
-22111023
In base 13, what is -4 + 56640?
56639
In base 2, what is -10100011000 + -11000?
-10100110000
In base 4, what is 2021222 - 23?
2021133
In base 7, what is -256 - -1610?
1321
In base 3, what is 1121010 - 11?
1120222
In base 14, what is -296 - -371?
b9
In base 8, what is 1707 - 670?
1017
In base 6, what is -3102 + 2510?
-152
In base 14, what is -21029 - -2?
-21027
In base 12, what is 0 + 26434?
26434
In base 8, what is -2 + 2243656?
2243654
In base 12, what is 19499 - -5?
194a2
In base 7, what is 25024513 + 0?
25024513
In base 8, what is -1 + 666372?
666371
In base 8, what is 233374 + 1?
233375
In base 14, what is a93 - 5?
a8c
In base 16, what is 9 - 32f9?
-32f0
In base 16, what is -3 + -5a1f6?
-5a1f9
In base 15, what is 1 - 32d1?
-32d0
In base 11, what is -3 - -40758?
40755
In base 6, what is -113030 + -5?
-113035
In base 4, what is -3001333 + -133?
-3002132
In base 10, what is -1660 - 3?
-1663
In base 14, what is -5d + -b0?
-12d
In base 13, what is -50c - bc?
-5cb
In base 16, what is 1d7 - 103?
d4
In base 4, what is 1300130 + -220?
1233310
In base 11, what is 16a + -628?
-469
In base 13, what is -31 - -53?
22
In base 10, what is 84 + -972?
-888
In base 11, what is -15 - -6a28?
6a13
In base 5, what is 4033124 + -10?
4033114
In base 2, what is -100101111101011 - -10001?
-100101111011010
In base 2, what is 1 - -10000101101110?
10000101101111
In base 11, what is 2 - -30285?
30287
In base 14, what is -46 + 45d?
417
In base 5, what is 104222131 - 14?
104222112
In base 7, what is 4 - -113222?
113226
In base 4, what is -223 + 102032?
101203
In base 12, what is 17 + 171b?
1736
In base 2, what is 110100011001101 + -1?
110100011001100
In base 10, what is 4 - -38655?
38659
In base 13, what is 0 - 4150?
-4150
In base 7, what is -121501 + 61?
-121410
In base 9, what is 220 - 868?
-648
In base 15, what is -216ab + -2?
-216ad
In base 13, what is -56615 + 3?
-56612
In base 16, what is -2876 - 3?
-2879
In base 2, what is -10000100100000101010011 - -101?
-10000100100000101001110
In base 4, what is 22 + -12011203?
-12011121
In base 9, what is 134 + -502?
-357
In base 11, what is 4 - -3494?
3498
In base 12, what is -8a957 + -1?
-8a958
In base 7, what is -10 - -26114?
26104
In base 7, what is -5 + -546005?
-546013
In base 3, what is -1001210102201 - -2?
-1001210102122
In base 12, what is 9b1 + -b?
9a2
In base 6, what is -11015 - 202?
-11221
In base 15, what is 20b6 - -b?
20c2
In base 7, what is 0 - 60403?
-60403
In base 3, what is -110211002 + -2210?
-110220212
In base 8, what is -76417 + 2?
-76415
In base 10, what is -85 - -2687?
2602
In base 16, what is 1a - -bd1?
beb
In base 16, what is -2 + 11296c?
11296a
In base 3, what is 211 + -1000022?
-222111
In base 15, what is 0 - -7b10?
7b10
In base 5, what is -13 + -131110?
-131123
In base 11, what is 0 + -5656?
-5656
In base 6, what is 30233 - -5?
30242
In base 16, what is 2 + -bf55?
-bf53
In base 16, what is -1358 - 1d3?
-152b
In base 8, what is -14 - 54350?
-54364
In base 12, what is 123 - 674?
-551
In base 7, what is -233525 - 1?
-233526
In base 13, what is a920 - 12?
a90b
In base 3, what is 110122020112 + 10?
110122020122
In base 14, what is 38 + 1a32?
1a6a
In base 7, what is -1162006 + 3?
-1162003
In base 2, what is -10 - 1011010000000?
-1011010000010
In base 3, what is 22 + -1201112011?
-1201111212
In base 10, what is 91978 - 4?
91974
In base 7, what is 1 + -2603046?
-2603045
In base 3, what is -12 - -202101222120?
202101222101
In base 8, what is 5 + 234017?
234024
In base 6, what is -1043 + 1324?
241
In base 10, what is -669 + 923?
254
In base 4, what is 33233313 + -1002?
33232311
In base 5, what is -4431 + 234?
-4142
In base 16, what is -b2 - 840?
-8f2
In base 3, what is 112 + 21010?
21122
In base 15, what is 434e7b - -5?
434e81
In base 6, what is 4 + 10244013?
10244021
In base 7, what is -11003 - -23?
-10650
In base 3, what is 12212 + 202?
20121
In base 13, what is -103 - -a?
-c6
In base 6, what is 23 - -141434?
141501
In base 7, what is 5 + -3130?
-3122
In base 7, what is -46 + 43402?
43323
In base 6, what is 3413 + -140?
3233
In base 16, what is -4 - -5b43?
5b3f
In base 15, what is -219 + -36?
-250
In base 7, what is 364 - 161?
203
In base 2, what is -11101 - 1000100010001?
-1000100101110
In base 5, what is 411013103 + 10?
411013113
In base 14, what is -12b4d + -b?
-12b5a
In base 11, what is 1a + -21a0?
-2181
In base 5, what is 2144 - 2230?
-31
In base 4, what is -220031 + 11?
-220020
In base 12, what is -27182 + -3?
-27185
In base 16, what is -5 + -113f4?
-113f9
In base 11, what is -51606 - -2?
-51604
In base 12, what is -390a4 - -4?
-390a0
In base 2, what is 1 + -10110111?
-10110110
In base 15, what is 5 + d29b?
d2a1
In base 16, what is 17 + b2ac?
b2c3
In base 10, what is 73804 + -5?
73799
In base 12, what is 2 - -12b6a9?
12b6ab
In base 3, what is -10022122210 - -22?
-10022122111
In base 13, what is 7a - -51?
cb
In base 8, what is -3 - -511163?
511160
In base 16, what is -10bc1 + -8?
-10bc9
In base 8, what is 0 + -2004626?
-2004626
In base 15, what is -270d + 5e?
-269e
In base 11, what is 52a13 + -7?
52a07
In base 2, what is 10010100001 + 1111111?
10100100000
In base 9, what is -2 - 108301?
-108303
In base 3, what is -221222122 - -121?
-221222001
In base 15, what is 2b - -9b1?
9dc
In base 13, what is 71 + 101?
172
In base 15, what is -6c13 + 0?
-6c13
In base 2, what is -110010000001 + 10001010?
-101111110111
In base 12, what is -12ba7bb - 5?
-12ba804
In base 3, what is -2210202220 - -1?
-2210202212
In base 11, what is 19471 - -5?
19476
In base 4, what is 1011113 - 102?
1011011
In base 9, what is -56 - -4267?
4211
In base 14, what is -887b7 - 9?
-887c2
In base 8, what is 24 - 37722?
-37676
In base 13, what is 24 + -40a?
-3b6
In base 4, what is -1101231 - -23222?
-1012003
In base 11, what is 1a88 + 13?
1aa0
In base 2, what is 11 + 11111001111011?
11111001111110
In base 15, what is -3c38 - -1?
-3c37
In base 2, what is -1100000100110011101 + -111?
-1100000100110100100
In base 11, what is 4a8a50 - 1?
4a8a4a
In base 3, what is 2211222 - -1110?
2220102
In base 3, what is -1220201221 - -2?
-1220201212
In base 8, what is -2 - 502404?
-502406
In base 9, what is 315 - 3787?
-3472
In base 6, what is 0 - -53241?
53241
In base 16, what is -9b + -2ed?
-388
In base 10, what is -47335 - 1?
-47336
In base 5, what is 1030003 - 3?
1030000
In base 5, what is -4244 - -123?
-4121
In base 6, what is 3534 + -14453?
-10515
In base 3, what is -10222 - 201101001?
-201112000
In base 12, what is -949a4 + 6?
-9499a
In base 8, what is -711 - -1110?
177
In base 7, what is -